s 38557 prime?
True
Is 6193 a prime number?
False
Is 397127 prime?
True
Is 7433 a composite number?
False
Is 1241 prime?
False
Is 122329 a composite number?
True
Is 617777 a composite number?
False
Is 16492301 a composite number?
True
Is 20759 prime?
True
Is 64859 a composite number?
True
Is 5541 a prime number?
False
Is 1332017 a prime number?
True
Is 1535383 composite?
True
Is 24359 a composite number?
False
Is 5953 a prime number?
True
Is 17943 prime?
False
Is 9791 prime?
True
Is 2148187 prime?
True
Is 163067 a composite number?
True
Is 787 a prime number?
True
Is 18617 prime?
True
Is 1028567 a composite number?
True
Is 1219 a prime number?
False
Is 222493 prime?
True
Is 20639 composite?
False
Is 11105 a prime number?
False
Is 237733 a composite number?
False
Is 2994947 composite?
False
Is 37823 prime?
False
Is 57263 a composite number?
True
Is 354841 composite?
True
Is 39551 prime?
True
Is 20261 prime?
True
Is 10391 composite?
False
Is 69737 composite?
False
Is 124939 a composite number?
True
Is 335207 composite?
False
Is 6731665 a prime number?
False
Is 71371 a composite number?
True
Is 46259 a composite number?
True
Is 22937 a prime number?
True
Is 7169 a prime number?
False
Is 760951 prime?
True
Is 37127 a prime number?
False
Is 305831 prime?
False
Is 51215 a composite number?
True
Is 27955 a prime number?
False
Is 9103 a composite number?
False
Is 3957 a composite number?
True
Is 19181 a prime number?
True
Is 14369 composite?
False
Is 127103 a composite number?
False
Is 41483 a composite number?
True
Is 2455487 composite?
False
Is 166147 composite?
False
Is 391409 composite?
True
Is 7283 a composite number?
False
Is 435467 composite?
True
Is 1171 a composite number?
False
Is 29083 prime?
False
Is 1051493 a composite number?
True
Is 7949 prime?
True
Is 1003 a prime number?
False
Is 241282 a composite number?
True
Is 2540323 a composite number?
False
Is 1095401 a prime number?
True
Is 925183 composite?
True
Is 28151 composite?
False
Is 30461 a composite number?
True
Is 257933 composite?
True
Is 44927 composite?
False
Is 4821 prime?
False
Is 1161517 composite?
True
Is 2833 a composite number?
False
Is 190847 a prime number?
False
Is 23757 composite?
True
Is 2973 a composite number?
True
Is 103189 prime?
False
Is 12307 a prime number?
False
Is 59237 prime?
False
Is 3403 composite?
True
Is 10289 composite?
False
Is 200465 composite?
True
Is 40163 a prime number?
True
Is 97423 composite?
False
Is 11633 composite?
False
Is 18041 a composite number?
False
Is 9193 composite?
True
Is 607543 a prime number?
False
Is 15959 prime?
True
Is 1535 prime?
False
Is 20707 a composite number?
False
Is 2173601 a prime number?
True
Is 3953 a composite number?
True
Is 204851 a prime number?
False
Is 193087 a composite number?
True
Is 13553 a composite number?
False
Is 66161 a composite number?
False
Is 24065 composite?
True
Is 245357 a prime number?
False
Is 20261 a composite number?
False
Is 91313 a composite number?
True
Is 3109 a composite number?
False
Is 123647 prime?
False
Is 68813 prime?
True
Is 291331 composite?
False
Is 3579 prime?
False
Is 1927319 a composite number?
False
Is 1471 prime?
True
Is 870533 a prime number?
True
Is 31567 a prime number?
True
Is 1202 a prime number?
False
Is 239842 composite?
True
Is 409081 a composite number?
False
Is 75269 prime?
True
Is 359791 a composite number?
True
Is 280321 prime?
True
Is 315911 composite?
True
Is 4357 prime?
True
Is 7073 prime?
False
Is 213791 a prime number?
True
Is 614846 a composite number?
True
Is 337 a composite number?
False
Is 51749 composite?
False
Is 71215 a composite number?
True
Is 307443 prime?
False
Is 5449 prime?
True
Is 129937 composite?
False
Is 3593 a prime number?
True
Is 907 a composite number?
False
Is 52289 prime?
True
Is 8791 composite?
True
Is 3163 prime?
True
Is 1504631 prime?
True
Is 81817 composite?
False
Is 6371 prime?
False
Is 165701 composite?
False
Is 300623 a prime number?
True
Is 53849 prime?
True
Is 7886 a prime number?
False
Is 98773 a prime number?
True
Is 112061 a prime number?
True
Is 191 a composite number?
False
Is 708143 prime?
False
Is 1063057 prime?
False
Is 74131 composite?
False
Is 212981 a prime number?
True
Is 439063 a composite number?
False
Is 4140283 a composite number?
True
Is 364643 a prime number?
True
Is 344099 a prime number?
False
Is 4091 composite?
False
Is 739 composite?
False
Is 259951 prime?
False
Is 1497471 a composite number?
True
Is 551281 prime?
True
Is 5712367 a prime number?
True
Is 480121 a prime number?
False
Is 129227 a composite number?
True
Is 2200885 a composite number?
True
Is 32479 a prime number?
True
Is 257833 a prime number?
False
Is 2591 a prime number?
True
Is 121061 a composite number?
False
Is 1301815 composite?
True
Is 10645 composite?
True
Is 49091 composite?
True
Is 231787 a prime number?
False
Is 405581 a prime number?
False
Is 36779 a composite number?
False
Is 225871 a prime number?
True
Is 13309 prime?
True
Is 181637 composite?
True
Is 4181 prime?
False
Is 167891 composite?
False
Is 4859 a composite number?
True
Is 24197 composite?
False
Is 1144361 composite?
True
Is 29651 a composite number?
True
Is 30529 a composite number?
False
Is 62227 composite?
True
Is 222899 prime?
False
Is 98497 prime?
False
Is 89867 composite?
False
Is 10423 composite?
True
Is 8713 composite?
False
Is 520813 a prime number?
True
Is 698681 prime?
False
Is 1681787 a composite number?
False
Is 1283 a composite number?
False
Is 86313 prime?
False
Is 275189 composite?
True
Is 10079 prime?
True
Is 2512553 a composite number?
False
Is 52513 composite?
True
Is 701665 prime?
False
Is 146635 composite?
True
Is 149791 composite?
False
Is 449 prime?
True
Is 15127 a composite number?
True
Is 246823 composite?
True
Is 182813 prime?
True
Is 87583 composite?
False
Is 1693 a composite number?
False
Is 412507 a prime number?
False
Is 6443 a prime number?
False
Is 211019 a composite number?
True
Is 19223 prime?
False
Is 11854 prime?
False
Is 257783 composite?
False
Is 11083 prime?
True
Is 17335 a prime number?
False
Is 187399 a composite number?
True
Is 10847 a prime number?
True
Is 92549 composite?
True
Is 15094 prime?
False
Is 2609 composite?
False
Is 168647 a prime number?
False
Is 33047 composite?
True
Is 9803 composite?
False
Is 183031 composite?
True
Is 307337 a prime number?
True
Is 70535 a composite number?
True
Is 59377 a composite number?
False
Is 1959 a composite number?
True
Is 619217 a composite number?
True
Is 34457 prime?
True
Is 627713 composite?
True
Is 208961 prime?
True
Is 217157 a prime number?
True
Is 10243 a composite number?
False
Is 71387 a prime number?
True
Is 54199 a composite number?
True
Is 98491 composite?
False
Is 29501 composite?
False
Is 70831 composite?
True
Is 51749 a composite number?
False
Is 260153 prime?
False
Is 40423 a prime number?
True
Is 7181 prime?
False
Is 30986 a composite number?
True
Is 3221 composite?
False
Is 178 a composite number?
True
Is 8861 a composite number?
False
Is 27323 prime?
False
Is 1606369 prime?
False
Is 115133 a composite number?
False
Is 45649 composite?
True
Is 3377 prime?
False
Is 14479 a prime number?
True
Is 49721 a prime number?
False
Is 794 composite?
True
Is 41189 composite?
False
Is 164257 a composite number?
True
Is 2819 composite?
False
Is 116183 prime?
False
Is 3949 a composite number?
True
Is 446981 a prime number?
False
Is 9487 a composite number?
True
Is 1436915 a composite number?
True
Is 2194921 composite?
True
Is 16589 composite?
True
Is 46793 a composite number?
True
Is 63967 a composite number?
True
Is 776857 composite?
True
Is 1319 a prime number?
True
Is 7115 prime?
False
Is 735881 composite?
True
Is 304055 composite?
True
Is 753353 composite?
False
Is 337 a prime number?
True
Is 238627 a prime number?
True
Is 82529 composite?
False
Is 51713 composite?
False
Is 19853 composite?
False
Is 119227 a composite number?
False
Is 1808849 a prime number?
False
Is 121039 a prime number?
True
Is 688007 a composite number?
True
Is 29741 a composite number?
False
Is 440977 a prime number?
False
Is 5611 prime?
False
Is 1543 a composite number?
False
Is 6941 a prime number?
False
Is 90053 prime?
True
Is 52339 composite?
True
Is 14281 a composite number?
False
Is 46327 a composi